me factors of p?
2
What are the prime factors of (3/(-15))/((-11)/134585)?
2447
Let i(j) = -89*j + 13. List the prime factors of i(-3).
2, 5, 7
What are the prime factors of 2*3 - (8 + -16 + -307)?
3, 107
Suppose 7*i - 32 = 1641. List the prime factors of i.
239
Let a(j) = -2*j**3 + 2*j**2 - 2*j + 8. List the prime factors of a(-9).
2, 823
Let r(m) = -109*m + 34. What are the prime factors of r(-7)?
797
Let p(v) = v**2 - 4*v + 7 - 22 + v**2 + 16. List the prime factors of p(-6).
97
Let y(b) = 7*b**2 + 20*b - 52. What are the prime factors of y(6)?
2, 5
Let l(n) = -n - 6. Let h be l(-6). Let r be 76 - (-2 - (0 + h)). Suppose 150 + r = 6*g. What are the prime factors of g?
2, 19
Suppose 4*f - 6 = 2. Let j(u) = -2 + u**f + u + 0*u**2 + u**2. What are the prime factors of j(-4)?
2, 13
Suppose -d - 4*y = 0, -4*d - 3*y = y - 48. Suppose 5*k - 4 = -5*b + 6, 3*k - 2*b = d. List the prime factors of k.
2
Let l(z) = z**2 - 6*z + 6. Let c(o) = o - 1. Let u(d) = 2*c(d) - l(d). Let p be u(6). Suppose p*v = v + 60. List the prime factors of v.
2, 5
Let j be ((8/(-6))/4)/(1/(-12)). Suppose 5*a - 3*i = -7*i + 403, i + 314 = j*a. What are the prime factors of a?
79
Let u = -111 - -185. What are the prime factors of u?
2, 37
Let s = 95 - 87. Suppose -1668 = -s*g - 4*g. What are the prime factors of g?
139
Let m(w) = -2*w + 19. Let x(b) = -b**3 - 10*b**2 + 10*b - 3. Suppose -22 = 23*h - 21*h. Let l be x(h). What are the prime factors of m(l)?
3
List the prime factors of 219/146*(-2540)/(-3).
2, 5, 127
Let d = -196 + 860. List the prime factors of d.
2, 83
Suppose 0 = -0*l - 9*l - 45. List the prime factors of (-62)/(-4) - (l/(-2) + -2).
3, 5
Suppose -n = -35*n + 27812. List the prime factors of n.
2, 409
Let b(a) = 24*a + 5. Let f be (0/(-2) - 1)*-5. Let z be b(f). Suppose 0 = -5*n + 60 + z. What are the prime factors of n?
37
Let c = 149 - -340. List the prime factors of c.
3, 163
Let l = -1729 + 2849. List the prime factors of l.
2, 5, 7
Let m = 26 - 26. Suppose m = -2*p + 8*p - 120. List the prime factors of p.
2, 5
Let s = 6 - -19. Suppose -2*y = 5*p - 185, p = 6*p - s. What are the prime factors of y?
2, 5
Let q(j) = -j + 1. Suppose 9 + 3 = -4*o. Let x be q(o). What are the prime factors of x/(-3)*27/(-6)?
2, 3
Let q be 2/15*7827 + 4/10. List the prime factors of q/26 - (-12)/(-78).
2, 5
Suppose -3*k = 4*f - 6, 2*k + 0 = -2*f + 2. What are the prime factors of (50 - 1)*(-1)/(1/k)?
2, 7
Suppose 0 = 7*n - 4200 - 2779. List the prime factors of n.
997
Let s(u) = u**3 + u**2 + u. Let x(g) = 8*g**3 + 2*g**2 + 2*g - 2. Let a(c) = -5*s(c) + x(c). List the prime factors of a(3).
43
Let u(w) = -20*w + 4. Suppose 2*m + 12 = 6*m. Let o be u(m). Let x = -33 - o. List the prime factors of x.
23
Suppose -2*b + 0 = 5*l - 2, 3*l + 4*b = -10. Let d be (-8)/(-44) + l/(-11). Suppose -7*i + 2*i - z = -98, 2*z + 4 = d. What are the prime factors of i?
2, 5
Let d be -1 - -1*6/(-2). Let z(l) be the first derivative of -7*l**2/2 + l - 2. List the prime factors of z(d).
29
Let i = -240 - -540. Suppose 246 = 6*v - i. What are the prime factors of v?
7, 13
What are the prime factors of 77132/264 + (-5)/(-6)?
293
Let g(y) = 6 - 7*y + 3*y**2 - y**2 + 0*y**2 + 10. What are the prime factors of g(5)?
31
Let h = 2054 + -409. What are the prime factors of h?
5, 7, 47
Let h(a) = a**3 + 8*a**2 - 2*a - 12. Let g be h(-8). Let u(v) = -6*v**3 + v**2 - 2*v - 4. Let y be u(-2). Suppose -g = w - y. What are the prime factors of w?
2, 3
Suppose -2820 = 41*n - 46*n. Suppose -4*k = 3*x - n, 0 = 4*k - 3*x - 0*x - 588. List the prime factors of k.
2, 3
Suppose -5*h = 7 - 177. Let s = h + -1. Suppose 5*q = 4*q - 3*p + 18, -3*q - 2*p + s = 0. List the prime factors of q.
3
Let z(d) = -2*d**3 - 4*d**2 - 2*d + 1. Let h be z(-2). Suppose -8 = j - 4*v - 48, -h*v = -4*j + 105. What are the prime factors of -2 + 71 - j/5?
5, 13
Let h(m) = -11*m + 3. Let j be h(-2). Suppose -5*l = -j, -2*l = -2*p - 0*p + 120. What are the prime factors of p?
5, 13
Let n(m) = m + 1. Let w be n(1). Suppose b - 6 = -w*b. Let r(k) = 2*k**2 + 2*k + 1. List the prime factors of r(b).
13
List the prime factors of -2*((-5580)/8 - 7).
1409
Let s(p) = -6*p - 10. Let y be s(-7). Let u = 231 + -227. Let f = y + u. What are the prime factors of f?
2, 3
What are the prime factors of 1088/(-102)*222/(-4)?
2, 37
List the prime factors of 337 - 2 - (0 - (2 - -1)).
2, 13
Let o = -167 + 181. Suppose o*a - 2*a = 1248. List the prime factors of a.
2, 13
Let k = -7192 - -10287. List the prime factors of k.
5, 619
Suppose 0 = 2*a + a + 2*x + 42, -5*a + 5*x = 95. Let u(p) = 2*p**2 + 21*p + 1. What are the prime factors of u(a)?
3, 59
Suppose 1 + 5 = 2*m. Let n be ((-5)/(-15))/(m/(-27)). What are the prime factors of 3 - -4 - (n - 1)?
11
Suppose 2*b + 2428 = 6*b - 4*h, 4*b = -5*h + 2437. List the prime factors of b.
2, 19
Let g = -1519 - -2903. What are the prime factors of g?
2, 173
Let h be 4 - (-3)/((-9)/3). Suppose 5*j - 15 = 0, h*j + 3 = l - 10. What are the prime factors of l?
2, 11
Suppose 12 + 0 = -2*o. Suppose 0*j = 5*j - 5*u - 110, 5*u = -j + 46. Let x = o + j. What are the prime factors of x?
2, 5
Let l(p) = p - 10. Let v be l(13). Suppose -3 + 12 = v*z. Suppose 6*k - z*k = 81. What are the prime factors of k?
3
Suppose 102 = 2*r + 5*n, 0 = 3*r - 5*r - 3*n + 106. What are the prime factors of (-5)/(8/r + (-46)/224)?
2, 5
Let y = 5 + -2. Suppose -y*v + 298 = -320. List the prime factors of v.
2, 103
Let i(t) = -1. Let u(x) = x**2 + 2*x + 21. Let o(f) = 2*i(f) + u(f). What are the prime factors of o(-9)?
2, 41
Suppose -6*g + 10*g = 0. Suppose g*z = -2*z + 90. Let j = z + -22. List the prime factors of j.
23
Let s = -4189 - -6431. List the prime factors of s.
2, 19, 59
Let o(a) = 17*a**2 + 5*a + 6. Let g be o(-4). Suppose 0 = -y + 4*y - g. List the prime factors of y.
2, 43
Let u = 1333 - 839. List the prime factors of u.
2, 13, 19
Suppose 4*k = 3*k. Suppose k = -3*y + 4*y. Suppose -6*x + 11*x - 20 = y. What are the prime factors of x?
2
Let j(k) = -15*k - 170. What are the prime factors of j(-28)?
2, 5
Let s be ((-28)/21)/(1/(-6)). Let m(w) be the first derivative of w**4/4 - 8*w**3/3 + 3*w**2/2 + 10*w + 1. List the prime factors of m(s).
2, 17
Let c(t) = -11*t + 16. Let q be c(-12). Suppose x + u = 4*x - q, -2*u - 46 = -x. Suppose -4*g = 4*k - 88, 3*k + 2*g = -x + 119. List the prime factors of k.
5
Let q be (-5 + (-4)/(-1))/((-3)/9). Let m(s) = 21*s**2 + 9*s. What are the prime factors of m(q)?
2, 3
Suppose 14 = 2*i + 2*r, 2*i - 10 = i - 2*r. Suppose -760 = -4*y - 3*q + 5*q, 0 = -5*y - i*q + 963. What are the prime factors of y?
191
Suppose i + 3*q + 3 + 13 = 0, 0 = -2*i - 4*q - 28. Let h = i + 10. Suppose h = -3*p + 33 + 15. List the prime factors of p.
2
Let f(i) be the first derivative of i**4/4 + 2*i**3/3 - 3*i**2/2 + 2*i + 3. Let k be f(-3). Suppose -k*p + 34 = -0*p. List the prime factors of p.
17
Suppose -10*z = -15*z + 25. Let h(o) = 25*o - 17. Let c(n) = -13*n + 8. Let r(y) = 5*c(y) + 3*h(y). List the prime factors of r(z).
3, 13
Let a = -10 + 10. Suppose -4*t + 5*r + a = -37, 4*t = 4*r + 36. List the prime factors of t.
2
Suppose -6 = 7*w - 398. List the prime factors of w.
2, 7
Suppose -15*d + 16*d = 2*o + 2506, -5*o = -d + 2500. What are the prime factors of d?
2, 5, 251
Suppose 3*r + 7 = 19. What are the prime factors of ((-3)/r)/(30/(-80))?
2
Suppose 7*a - 12*a = -1450. List the prime factors of a.
2, 5, 29
Let s(q) = -q**2 + 5*q + 18. Let d be s(7). Suppose 0*l + d*l + 4*t - 604 = 0, -3*l - 5*t + 455 = 0. What are the prime factors of l?
2, 3, 5
Let k(v) = 49*v**2 + v - 35. What are the prime factors of k(-4)?
5, 149
Suppose -3*l = -2*l - 25. Suppose 3*k = 4*k - l. List the prime factors of k.
5
Let x(u) = -u**2 + 27*u + 44. List the prime factors of x(18).
2, 103
Let s = 24 - 18. Suppose -3*v + 90 = 5*k, k - 2*v - 1 = -s*v. What are the prime factors of k?
3, 7
Suppose 140*l - 18 = 141*l. List the prime factors of (l/(-9))/(6/9).
3
Let x be (-14 - (-30)/6)*(-10)/3. Suppose 0*u + 4*o = -u + 15, -5*u = -5*o - 100. Let q = x - u. What are the prime factors of q?
11
Let o(y) = -y + 10. Let u(j) = -j. Let z(q) = -o(q) - 2*u(q). Let s(k) = k**2 + k - 3. Let i be s(3). List the prime factors of z(i).
17
Suppose 18*m + 2*m - 600